{"id":433,"date":"2022-06-25T00:05:35","date_gmt":"2022-06-25T05:05:35","guid":{"rendered":"http:\/\/localhost:8000\/?post_type=product&#038;p=433"},"modified":"2022-07-18T15:35:31","modified_gmt":"2022-07-18T20:35:31","slug":"patch-cords-3-pies-cat5e","status":"publish","type":"product","link":"https:\/\/www.unimaxcatalog.com\/newsite\/?product=patch-cords-3-pies-cat5e","title":{"rendered":"Patch Cords 3 Pies Cat5e"},"content":{"rendered":"<p>Este cable es de par trenzado, cumplen la funci\u00f3n de transportar datos, voz e im\u00e1genes bajo los est\u00e1ndares de la industria.<\/p>\n<table style=\"width: 300px;\" border=\"1\" cellspacing=\"1\" cellpadding=\"1\">\n<thead>\n<tr>\n<th style=\"text-align: center;\" scope=\"col\">Codigos<\/th>\n<th style=\"text-align: center;\" scope=\"col\">Descripci\u00f3n<\/th>\n<\/tr>\n<\/thead>\n<tbody>\n<tr>\n<td>SPR-CUTPM03A<\/td>\n<td>Patch Cord Gris<\/td>\n<\/tr>\n<tr>\n<td>SPR-CUTPM03B<\/td>\n<td>Patch Cord Azul<\/td>\n<\/tr>\n<tr>\n<td>SPR-CUTPM03G<\/td>\n<td>Patch Cord Verde<\/td>\n<\/tr>\n<tr>\n<td>SPR-CUTPM03K<\/td>\n<td>Patch Cord Negro<\/td>\n<\/tr>\n<tr>\n<td>SPR-CUTPM03R<\/td>\n<td>Patch Cord Rojo<\/td>\n<\/tr>\n<tr>\n<td>SPR-CUTPM03W<\/td>\n<td>Patch Cord Blanco<\/td>\n<\/tr>\n<tr>\n<td>SPR-CUTPM03Y<\/td>\n<td>Patch Cord Amarillo<\/td>\n<\/tr>\n<\/tbody>\n<\/table>\n","protected":false},"excerpt":{"rendered":"<p>Este cable es de par trenzado, cumplen la funci\u00f3n de transportar datos, voz e im\u00e1genes bajo los est\u00e1ndares de la industria. Codigos Descripci\u00f3n SPR-CUTPM03A Patch Cord Gris SPR-CUTPM03B Patch Cord Azul SPR-CUTPM03G Patch Cord Verde SPR-CUTPM03K Patch Cord Negro SPR-CUTPM03R Patch Cord Rojo SPR-CUTPM03W Patch Cord Blanco SPR-CUTPM03Y Patch Cord Amarillo<\/p>\n","protected":false},"featured_media":977,"comment_status":"open","ping_status":"closed","template":"","meta":[],"product_cat":[99],"product_tag":[77,17,32,100,31,54],"class_list":{"0":"post-433","1":"product","2":"type-product","3":"status-publish","4":"has-post-thumbnail","6":"product_cat-patch-cords","7":"product_tag-cat5","8":"product_tag-cat6","9":"product_tag-panama","10":"product_tag-patch-cords","11":"product_tag-unimax","12":"product_tag-utp","14":"first","15":"instock","16":"shipping-taxable","17":"product-type-simple"},"_links":{"self":[{"href":"https:\/\/www.unimaxcatalog.com\/newsite\/index.php?rest_route=\/wp\/v2\/product\/433","targetHints":{"allow":["GET"]}}],"collection":[{"href":"https:\/\/www.unimaxcatalog.com\/newsite\/index.php?rest_route=\/wp\/v2\/product"}],"about":[{"href":"https:\/\/www.unimaxcatalog.com\/newsite\/index.php?rest_route=\/wp\/v2\/types\/product"}],"replies":[{"embeddable":true,"href":"https:\/\/www.unimaxcatalog.com\/newsite\/index.php?rest_route=%2Fwp%2Fv2%2Fcomments&post=433"}],"wp:featuredmedia":[{"embeddable":true,"href":"https:\/\/www.unimaxcatalog.com\/newsite\/index.php?rest_route=\/wp\/v2\/media\/977"}],"wp:attachment":[{"href":"https:\/\/www.unimaxcatalog.com\/newsite\/index.php?rest_route=%2Fwp%2Fv2%2Fmedia&parent=433"}],"wp:term":[{"taxonomy":"product_cat","embeddable":true,"href":"https:\/\/www.unimaxcatalog.com\/newsite\/index.php?rest_route=%2Fwp%2Fv2%2Fproduct_cat&post=433"},{"taxonomy":"product_tag","embeddable":true,"href":"https:\/\/www.unimaxcatalog.com\/newsite\/index.php?rest_route=%2Fwp%2Fv2%2Fproduct_tag&post=433"}],"curies":[{"name":"wp","href":"https:\/\/api.w.org\/{rel}","templated":true}]}}